t is the ten thousands digit of 628462?
2
What is the thousands digit of 276672?
6
What is the hundred thousands digit of 235851?
2
What is the ten thousands digit of 1010421?
1
What is the ten thousands digit of 408532?
0
What is the hundred thousands digit of 1603440?
6
What is the millions digit of 1016858?
1
What is the hundreds digit of 28605?
6
What is the tens digit of 3268330?
3
What is the hundreds digit of 434938?
9
What is the hundreds digit of 374384?
3
What is the thousands digit of 1091790?
1
What is the units digit of 93040?
0
What is the ten thousands digit of 324547?
2
What is the tens digit of 28385?
8
What is the hundred thousands digit of 2751611?
7
What is the hundreds digit of 1546705?
7
What is the hundred thousands digit of 134748?
1
What is the thousands digit of 822744?
2
What is the tens digit of 565549?
4
What is the tens digit of 1046314?
1
What is the hundred thousands digit of 152100?
1
What is the units digit of 265742?
2
What is the ten thousands digit of 2374774?
7
What is the units digit of 3937891?
1
What is the ten thousands digit of 567037?
6
What is the thousands digit of 127220?
7
What is the units digit of 12780?
0
What is the hundreds digit of 520419?
4
What is the ten thousands digit of 153150?
5
What is the hundreds digit of 101626?
6
What is the millions digit of 25146624?
5
What is the hundreds digit of 1233571?
5
What is the tens digit of 46911?
1
What is the hundred thousands digit of 199007?
1
What is the tens digit of 1235598?
9
What is the hundreds digit of 957186?
1
What is the hundred thousands digit of 2742868?
7
What is the units digit of 259036?
6
What is the hundreds digit of 8639391?
3
What is the tens digit of 1053480?
8
What is the units digit of 2262892?
2
What is the hundreds digit of 2963709?
7
What is the units digit of 34262250?
0
What is the millions digit of 12425722?
2
What is the thousands digit of 73941?
3
What is the ten thousands digit of 196998?
9
What is the tens digit of 32175717?
1
What is the units digit of 492327?
7
What is the hundred thousands digit of 130049?
1
What is the hundreds digit of 15492425?
4
What is the millions digit of 9899395?
9
What is the ten thousands digit of 39892?
3
What is the units digit of 3807381?
1
What is the thousands digit of 4580152?
0
What is the millions digit of 1799206?
1
What is the ten thousands digit of 3984361?
8
What is the hundreds digit of 15279208?
2
What is the tens digit of 4864700?
0
What is the hundreds digit of 565318?
3
What is the tens digit of 4783241?
4
What is the ten thousands digit of 29882879?
8
What is the millions digit of 1862211?
1
What is the thousands digit of 85542?
5
What is the units digit of 315411?
1
What is the units digit of 106182?
2
What is the tens digit of 928448?
4
What is the thousands digit of 301744?
1
What is the thousands digit of 3411925?
1
What is the ten millions digit of 35011131?
3
What is the units digit of 167380?
0
What is the hundreds digit of 39657159?
1
What is the units digit of 149862?
2
What is the thousands digit of 15013463?
3
What is the units digit of 7920452?
2
What is the tens digit of 196413?
1
What is the tens digit of 13087240?
4
What is the hundreds digit of 165237?
2
What is the ten thousands digit of 36247902?
4
What is the units digit of 345957?
7
What is the ten thousands digit of 67319?
6
What is the hundred thousands digit of 356903?
3
What is the hundred thousands digit of 3417915?
4
What is the hundred thousands digit of 167747?
1
What is the hundreds digit of 345200?
2
What is the tens digit of 36619617?
1
What is the hundreds digit of 15403267?
2
What is the units digit of 5980427?
7
What is the tens digit of 68039?
3
What is the ten thousands digit of 276643?
7
What is the ten thousands digit of 12071?
1
What is the tens digit of 120138?
3
What is the hundreds digit of 27675190?
1
What is the units digit of 7529693?
3
What is the ten thousands digit of 13114767?
1
What is the tens digit of 1113105?
0
What is the millions digit of 12852181?
2
What is the units digit of 103955?
5
What is the tens digit of 27517461?
6
What is the hundreds digit of 4698528?
5
What is the ten thousands digit of 1960798?
6
What is the ten thousands digit of 21595009?
9
What is the units digit of 292194?
4
What is the thousands digit of 3719668?
9
What is the ten thousands digit of 116743?
1
What is the hundred thousands digit of 30276891?
2
What is the units digit of 2893945?
5
What is the thousands digit of 1526636?
6
What is the ten thousands digit of 2545336?
4
What is the hundreds digit of 2180084?
0
What is the hundred thousands digit of 403693?
4
What is the hundreds digit of 1859005?
0
What is the thousands digit of 547232?
7
What is the millions digit of 26317944?
6
What is the tens digit of 657236?
3
What is the ten thousands digit of 468380?
6
What is the hundreds digit of 10710343?
3
What is the tens digit of 681971?
7
What is the ten thousands digit of 845923?
4
What is the ten thousands digit of 214820?
1
What is the ten thousands digit of 467385?
6
What is the tens digit of 680866?
6
What is the units digit of 1209487?
7
What is the tens digit of 1173571?
7
What is the thousands digit of 87640?
7
What is the hundreds digit of 362719?
7
What is the hundreds digit of 322640?
6
What is the thousands digit of 28414319?
4
What is the units digit of 4859698?
8
What is the units digit of 1094490?
0
What is the ten thousands digit of 414670?
1
What is the millions digit of 7275506?
7
What is the hundreds digit of 4835338?
3
What is the units digit of 300674?
4
What is the tens digit of 520135?
3
What is the tens digit of 544037?
3
What is the ten thousands digit of 621581?
2
What is the thousands digit of 19171321?
1
What is the hundreds digit of 1946298?
2
What is the hundred thousands digit of 2554773?
5
What is the tens digit of 5853612?
1
What is the units digit of 909367?
7
What is the tens digit of 9527459?
5
What is the thousands digit of 1184418?
4
What is the thousands digit of 220764?
0
What is the units digit of 187811?
1
What is the units digit of 2367364?
4
What is the hundreds digit of 458284?
2
What is the ten thousands digit of 5473344?
7
What is the hundred thousands digit of 2354947?
3
What is the hundred thousands digit of 9326508?
3
What is the hundred thousands digit of 14551801?
5
What is the thousands digit of 2846824?
6
What is the units digit of 2207878?
8
What is the units digit of 348142?
2
What is the units digit of 235980?
0
What is the hundred thousands digit of 791232?
7
What is the hundred thousands digit of 625616?
6
What is the ten thousands digit of 476926?
7
What is the hundred thousands digit of 166448?
1
What is the hundred thousands digit of 583942?
5
What is the thousands digit of 4705405?
5
What is the units digit of 48950?
0
What is the units digit of 539083?
3
What is the thousands digit of 13021928?
1
What is the tens digit of 157528?
2
What is the thousands digit of 45835?
5
What is the hundred thousands digit of 14638066?
6
What is the hundreds digit of 3041659?
6
What is the hundreds digit of 1442208?
2
What is the tens digit of 77630?
3
What is the thousands digit of 5934353?
4
What is the units digit of 30008341?
1
What is the ten millions digit of 21400008?
2
What is the hundreds digit of 293159?
1
What is the ten thousands digit of 531648?
3
What is the ten thousands digit of 291634?
9
What is the ten thousands digit of 391874?
9
What is the ten thousands digit of 355137?
5
What is the hundreds digit of 3534259?
2
What is the units digit of 63913?
3
What is the ten thousands digit of 2416820?
1
What is the hundred thousands digit of 6067357?
0
What is the hundreds digit of 41403873?
8
What is the hundred thousands digit of 37396082?
3
What is the ten millions digit of 10062535?
1
What is the hundreds digit of 4606739?
7
What is the hundred thousands digit of 8647606?
6
What is the units digit of 1828001?
1
What is the tens digit of 10543076?
7
What is the ten thousands digit of 1324137?
2
What is the thousands digit of 255392?
5
What is the hundreds digit of 1674182?
1
What is the thousands digit of 8558111?
8
What is the hundreds digit of 24117357?
3
What is the hundreds digit of 486916?
9
What is the thousands dig